= -q + 43. Let p = q + -37. Is 2 a factor of p?
True
Let w = 3206 + -1434. Is 55 a factor of w?
False
Let m(o) = -o**3 - 10*o**2 + 9*o - 22. Let l be m(-13). Is (2 + l/(-40))*90/(-2) a multiple of 36?
True
Suppose 0 = 7*u - 10*u + 15. Suppose -3*f + 3*i + 158 = -37, 4*i - 370 = -u*f. Is 14 a factor of f?
True
Let w be (122/6 + 1)*(-117)/(-78). Let g = 78 - w. Is 10 a factor of g?
False
Suppose 0 = b - 0*b + 5. Let p(c) = -c**2 - 6*c - 1. Let y be p(b). Suppose -u = -4*v + 136, -y*u = -3*v + 2*v + 49. Is 12 a factor of v?
False
Let j(l) = -l**3 + 2*l + 2. Let r be j(-3). Suppose p + 2*x - 10 = 0, -3*p + 10 + r = 5*x. Is 4 a factor of p?
True
Let p(j) = -j**2 + 3*j + 1. Let d be p(2). Suppose -d*y + 8 = -28. Let m = 7 + y. Does 17 divide m?
False
Let x = 2283 - 1550. Does 6 divide x?
False
Suppose -7771 = 48*a - 30235. Is 5 a factor of a?
False
Let v = 29 + 139. Does 8 divide v?
True
Let p(h) = 137*h + 244. Is 59 a factor of p(12)?
True
Suppose -4 = -5*p + 3*h + 2, 3*p - 6 = 3*h. Let a(c) = -c**3 - 4*c**2 + 4. Let l be a(-4). Suppose -u - 131 = -2*i - p*u, -5*i + 295 = l*u. Does 14 divide i?
False
Let x = 114 - -94. Is (5/15)/(x/(-210) + 1) a multiple of 4?
False
Let o = 7 - 17. Let l = 45 + o. Does 10 divide l?
False
Suppose 2*k + 5*n = k + 42, 2*k + 5*n - 79 = 0. Let i be (-1*(-34)/3)/((-26)/(-39)). Suppose -i = -3*p + k. Does 9 divide p?
True
Suppose 0*r + 2*r - 9 = -x, -5*x = 5*r - 25. Suppose -4*s = 2*f - 22, f = r*s - 0*f - 13. Suppose s*b = -2*d + 38, 7*d - 20 = 3*d. Is 2 a factor of b?
False
Let q(x) be the second derivative of x**4/12 + 8*x**3/3 - 17*x**2/2 + 21*x. Is q(11) a multiple of 28?
True
Is (-216)/(-12)*380/15 a multiple of 2?
True
Is 4*(55/4 + -9) a multiple of 4?
False
Let y be (-5)/30 - 25/(-6). Let j = -10 + y. Does 11 divide (j/(-18))/((-1)/(-33))?
True
Let o(i) = i**3 + 14*i**2 + 4*i - 24. Let a be o(-12). Suppose -2*f + 10*f = a. Does 9 divide f?
True
Let x(f) = 2*f + 9. Let i be x(-12). Let h be ((-2)/(-1))/(10/i). Let o(s) = s**3 + 4*s**2 - 2*s + 4. Does 17 divide o(h)?
False
Let z(a) = -10*a + 4 + 7*a**3 + 0 - 2 - 8*a**3 - 7*a**2. Let p be (0 - (-2 - -9)) + 1. Is z(p) a multiple of 10?
False
Let k(t) = 51*t**2 - 15*t + 3. Is k(1) a multiple of 4?
False
Let z(q) = q**2 + 144. Let a be z(0). Suppose -8*u + a = -152. Is 13 a factor of u?
False
Suppose -g - 2 + 5 = 0. Suppose -102 = -3*l + 4*o, -5*l + g*o + 175 = -2*o. Does 19 divide l?
True
Let c(i) = -i**3 + 3*i**3 - 5*i + 3*i - 7 + 3*i. Does 28 divide c(4)?
False
Let v = -923 - -1073. Does 3 divide v?
True
Let a(f) = f + 19. Let h be a(0). Suppose -2*r + h = -3*u, 3*r = 4*r + 2*u - 6. Suppose 3*t + r = t, 0 = 5*b - t - 69. Does 9 divide b?
False
Let k = -804 + 1268. Is 5 a factor of k?
False
Let g be (4/(-4))/(2/(-20)). Let h = g - 5. Let x(p) = -p + 12. Is x(h) even?
False
Suppose -c = i - 213, -5*c = 4*i - 402 - 664. Is c a multiple of 73?
False
Suppose 2*q + 14 = 9*q. Is 14 a factor of 72/10*5/q?
False
Suppose -586 = -2*l + 4*h, 37*l + 2*h - 1132 = 33*l. Does 5 divide l?
True
Suppose -3*b + 15 - 6 = 0. Let l(t) = -11*t**2 + 7*t + t**b + 5*t - 1 + 3 + 0*t**3. Is l(10) a multiple of 11?
True
Let c(h) = -h**3 - 6*h**2 - h - 10. Let y be c(-6). Is (1 - -1) + y/12*-3 a multiple of 2?
False
Suppose -3*r + 3*i = -51, 81 = 5*r - 0*i - 3*i. Suppose 0 = -4*w + 7*w - r. Let b = w - -27. Is 16 a factor of b?
True
Suppose -n + 5*n = 480. Let t be 69 - (-1 + 4 - (17 - 16)). Let f = n - t. Is 28 a factor of f?
False
Let j be 4 + (-4 - -2) + 2. Let f be 22/11 - j/(-1). Let m(d) = d**3 - 3*d**2 - 10*d + 10. Does 29 divide m(f)?
True
Let q(x) = 4*x + x - 61 + 152 - 58. Is 24 a factor of q(12)?
False
Let n(b) = -b**3 + b**2. Let j(c) = 11*c**2 - 7*c + 18. Let w(x) = -j(x) - n(x). Is 5 a factor of w(12)?
False
Suppose 2*u + 0*u - 4 = 0. Suppose -u*o = 35 - 7. Does 14 divide 2860/77 + 2/o?
False
Let g(x) be the third derivative of x**6/20 - x**5/30 + x**4/24 + x**3/3 - 29*x**2. Let j(h) = -2*h - 4. Let i be j(-3). Is 22 a factor of g(i)?
True
Suppose 5*j - z + 162 = 0, 43 - 172 = 4*j - z. Let h = j + 52. Is 19 a factor of h?
True
Suppose -5*b + 631 = -734. Let o = b + -158. Is 23 a factor of o?
True
Let c = -57 + 52. Let r = 28 + c. Is r a multiple of 7?
False
Let t(n) = n**3 + 5*n**2 - 5*n + 8. Let g be t(-6). Suppose g + 1 = u. Suppose -384 = -7*x + u*x. Does 25 divide x?
False
Suppose w - 3*j = -0*w + 15, -5*j - 3 = 2*w. Suppose -w*x = 10*x - 1744. Is x a multiple of 23?
False
Let r(u) = 77*u - 103. Is 2 a factor of r(3)?
True
Let z(g) = 15*g + 2. Let u(x) = -46*x - 6. Let y(r) = 5*u(r) + 16*z(r). Is 20 a factor of y(6)?
False
Let c(s) = -s**2 - 16*s - 6. Let g be c(-12). Suppose -52 = -4*n - 3*x, -3*n + g = -2*x + 5*x. Does 3 divide n?
False
Let a(i) = 7*i + 5. Let b be a(3). Suppose 3*d = 5*d - b. Let l = d - -3. Does 16 divide l?
True
Let f = -596 - -1383. Is f a multiple of 19?
False
Suppose -p - 4*p = -90. Let a = 22 - p. Suppose 5*x - a*c = 126, x + 0*x - 2 = -5*c. Does 22 divide x?
True
Suppose -5*j + 5152 = 2*n - 1144, 2*n + 3784 = 3*j. Is j a multiple of 9?
True
Suppose 53*m = z + 54*m - 417, z - 3*m - 409 = 0. Does 3 divide z?
False
Suppose 0 = -s - 5*o + 12, -2*s - 3*o = -56 + 11. Suppose t = -i + s, -5*i - 5*t = -9*t - 144. Is i a multiple of 6?
False
Let r(s) = s + 6. Let z(k) = k - 1. Suppose 11*l - 30 = 6*l. Let i be z(l). Is 4 a factor of r(i)?
False
Does 55 divide 1*(3 + -618)/(-3)?
False
Let g(r) = -10*r**2 + r - 1. Let b be -1*1/2*-2. Let i be g(b). Let s = 6 - i. Is s a multiple of 16?
True
Let d be (12 + 0 + 2)*-1. Let x = d + 30. Suppose 4*u = -x, -2*i = 3*i + 5*u - 190. Is 14 a factor of i?
True
Is 41600/240 + (1 - (-1)/(-3)) a multiple of 58?
True
Let v(o) = 2*o**2 - 8*o - 2. Let b be v(6). Suppose -g + 65 = -4*z - b, 435 = 5*g - 2*z. Is 22 a factor of g?
False
Let m(a) = -a**2 - 18*a - 38. Let l = -15 - -4. Is m(l) a multiple of 14?
False
Suppose 0 = -3*i - 23*x + 27*x + 8868, 0 = -x. Is 22 a factor of i?
False
Let w = -227 + -10. Let m = w - -333. Is m a multiple of 12?
True
Let k = 15 - 11. Is 38 a factor of 114 - (-1 + (5 - k))?
True
Let k(u) = -2 + 13*u - 10*u - 2*u. Let o be k(8). Is o*(1 - 27/(-6)) a multiple of 11?
True
Suppose 13*p - 6 = 15*p. Is 20 a factor of ((-1)/p + 1)*(63 + -3)?
True
Let i be 1*((-350)/(-45) + (-2)/(-9)). Let x(w) be the first derivative of w**4/4 - 3*w**3 + 5*w**2 + 11*w + 1. Is x(i) a multiple of 7?
False
Let q be (6 + -14)/(-2 - 0). Let a(y) = y**3 + 2*y**2 + 3*y - 8. Is 14 a factor of a(q)?
False
Let g be ((-612)/24)/((-1)/2). Suppose -3*o = 5*d + 49, g = 4*o - 7*o - 3*d. Is (3 + -2)/((-1)/o) a multiple of 9?
True
Let h(j) = j**3 + 2*j**2 + 4*j. Let i be h(-3). Let m = 7 - -43. Let k = m + i. Is 9 a factor of k?
False
Let n(a) = -3*a - 6. Let i be n(-4). Let l = 46 + i. Is l a multiple of 15?
False
Let d be 31/(-3) + (-10)/15. Let y = d + 8. Is (-38)/y - 8/12 a multiple of 12?
True
Suppose -2*t + 41 = -1. Suppose -t*n + 22*n - 2 = 0. Is 9 a factor of 26*(2 - 3/n)?
False
Let v(r) = r**2 + 7*r - 1. Let g be v(-8). Let h(y) = 2*y**2 + 2*y - 9. Let l be h(g). Suppose l = 5*k - 92. Is k a multiple of 13?
True
Let g(d) = d + 8. Let q(k) = -k**2. Let a be q(2). Let v be g(a). Suppose -v*t + 248 = 4*b, b = 3*t - 125 - 65. Is 13 a factor of t?
False
Suppose 2*o - 1060 = 5*a, 0*o = -2*o - a + 1084. Is 54 a factor of o?
True
Suppose 0 = 11*a - 5*a - 84. Suppose -a - 148 = -18*o. Is 5 a factor of o?
False
Suppose 2*g - 220 = -2*g - z, -z + 275 = 5*g. Suppose g - 7 = 4*w. Is w a multiple of 2?
True
Is ((-35)/14)/((-5)/148) a multiple of 3?
False
Let h be 8/(-28) - (1 + (-111)/21). Suppose 0*q + q = 113. Suppose q = 6*n - n - h*p, 5*p - 53 = -3*n. Is n a multiple of 7?
True
Is (-6)/(-2 - 28/(-20)) a multiple of 10?
True
Let v(t) = -12*t + 2. Suppose m - 36 = 7*m. Does 20 divide v(m)?
False
Suppose 14*p = p + 24440. Is p a multiple of 10?
True
Suppose -1222 = 20*q - 8542. Is 67 a factor of q?
False
Let f(d) = 75*d + 1970. Is f(0) a multiple of 21?
False
Is (-40)/(-25) - (-76888)/70 a multiple of 100?
True
Let x be 258/(-14) + 3/7. Let s be ((-9)/x)/((-2)/(-4)). Is 2 a factor of (-3)/(s + (-15)/6)?
True
Suppose 3*l - 29 = -f - 1, 4*f = 3*l + 157. Does 3 divide f?
False
Let q(a) = -a - 4. Let y be q(19). Let c = y - -111. Does 4 divide 